{"id":3423,"date":"2022-05-19T11:06:16","date_gmt":"2022-05-19T11:06:16","guid":{"rendered":"https:\/\/www.learracingcable.com\/cablaggi\/?page_id=3423"},"modified":"2024-06-12T13:52:05","modified_gmt":"2024-06-12T13:52:05","slug":"cookie-policy","status":"publish","type":"page","link":"https:\/\/www.learracingcable.com\/cablaggi\/cookie-policy\/","title":{"rendered":"Cookie Policy"},"content":{"rendered":"<h2>POLITICA SUI COOKIE<\/h2>\n<p>Questa politica sui cookie spiega cosa sono i cookie e come li utilizziamo.<\/p>\n<p>Dovresti leggere questa politica in modo da poter capire che tipo di cookie utilizziamo o le informazioni che raccogliamo utilizzando i cookie e come tali informazioni vengono utilizzate.<\/p>\n<p>Questa Cookie Policy \u00e8 stata creata con l&#8217;aiuto del Cookie Policy Generator.<\/p>\n<p>I cookie in genere non contengono alcuna informazione che identifica personalmente un utente, ma le informazioni personali che memorizziamo su di te possono essere collegate alle informazioni memorizzate e ottenute dai cookie.<\/p>\n<p>Per ulteriori informazioni su come utilizziamo, archiviamo e manteniamo al sicuro i tuoi dati personali, consulta la nostra Informativa sulla privacy.<\/p>\n<p>Non memorizziamo informazioni personali sensibili, come indirizzi postali, password account, ecc. nei Cookie che utilizziamo.<\/p>\n<h3>1. Interpretazione e definizioni<\/h3>\n<h4>1.1 Interpretazione<\/h4>\n<p>Le parole di cui la lettera iniziale \u00e8 maiuscola hanno significati definiti nelle seguenti condizioni. Le seguenti definizioni avranno lo stesso significato indipendentemente dal fatto che appaiano al singolare o al plurale.<\/p>\n<h4>1.2 Definizioni<\/h4>\n<p>Ai fini della presente Cookie Policy:<\/p>\n<ul>\n<li>Societ\u00e0 (denominata &#8220;la Societ\u00e0&#8221;, &#8220;Noi&#8221;, &#8220;Ci&#8221; o &#8220;Nostro&#8221; nella presente Politica sui cookie) si riferisce a LEAR RACING CABLE, VIA PARAVIANA 269, 41058 VIGNOLA (MO), ITALIA.<\/li>\n<li>Cookie significa piccoli file che vengono inseriti sul tuo computer, dispositivo mobile o qualsiasi altro dispositivo da un sito web, contenente i dettagli della tua cronologia di navigazione su quel sito web tra i suoi numerosi usi.<\/li>\n<li>Il sito web fa riferimento a LEAR RACING CABLE, accessibile da https:\/\/www.learracingcable.com<\/li>\n<li>Si intende individuo che accede o utilizza il Sito Web, una societ\u00e0 o qualsiasi entit\u00e0 legale per conto del quale tale individuo accede o utilizza il Sito Web, a seconda dei casi.<\/li>\n<\/ul>\n<h3>2. L&#8217;uso dei Cookie<\/h3>\n<h4>2.1 Tipo di cookie che utilizziamo<\/h4>\n<p>I cookie possono essere cookie &#8220;persistenti&#8221; o &#8220;di sessione&#8221;.<\/p>\n<p>I cookie persistenti rimangono sul tuo personal computer o dispositivo mobile quando vai offline, mentre i cookie di sessione vengono eliminati non appena chiudi il browser web.<\/p>\n<p>Utilizziamo sia cookie di sessione che cookie persistenti per le finalit\u00e0 di seguito indicate:<\/p>\n<p><em>Cookie necessari\/essenziali <\/em><\/p>\n<ul>\n<li>Tipo: Cookie di sessione<\/li>\n<li>Amministrato da: Noi<\/li>\n<li>Scopo: questi cookie sono essenziali per fornirti i servizi disponibili attraverso il sito Web e per consentirti di utilizzare alcune delle sue funzionalit\u00e0. Aiutano ad autenticare gli utenti e prevenire l&#8217;uso fraudolento degli account utente. Senza questi cookie, i servizi che hai richiesto non possono essere forniti e utilizziamo questi cookie solo per fornirti tali servizi.<\/li>\n<\/ul>\n<p><em>Cookie di funzionalit\u00e0 <\/em><\/p>\n<ul>\n<li>Tipo: Cookie persistenti<\/li>\n<li>Amministrato da: Noi<\/li>\n<li>Scopo: questi cookie ci consentono di ricordare le scelte che fai quando utilizzi il sito Web, come ricordare i tuoi dati di accesso o la preferenza della lingua. Lo scopo di questi cookie \u00e8 quello di fornire all&#8217;utente un&#8217;esperienza pi\u00f9 personale ed evitare di dover reinserire le proprie preferenze ogni volta che si utilizza il sito web.<\/li>\n<\/ul>\n<h3>3. Le tue scelte in merito ai cookie<\/h3>\n<p>Se preferisci evitare l&#8217;uso dei cookie sul sito web, devi prima disabilitare l&#8217;uso dei cookie nel tuo browser e quindi eliminare i cookie salvati nel tuo browser associati a questo sito web. Puoi utilizzare questa opzione per impedire l&#8217;uso dei cookie in qualsiasi momento.<\/p>\n<p>Se non accetti i nostri cookie, potresti riscontrare alcuni inconvenienti nell&#8217;utilizzo del sito Web e alcune funzionalit\u00e0 potrebbero non funzionare correttamente.<\/p>\n<p>Se desideri eliminare i cookie o indicare al tuo browser web di eliminare o rifiutare i cookie, visita le pagine di aiuto del tuo browser web.<\/p>\n<p>Per il browser web Chrome, visita questa pagina di Google: https:\/\/support.google.com\/accounts\/answer\/32050<\/p>\n<p>Per il browser Web Internet Explorer, visitare questa pagina di Microsoft: http:\/\/support.microsoft.com\/kb\/278835<\/p>\n<p>Per il browser Web Firefox, visitare questa pagina da Mozilla: https:\/\/support.mozilla.org\/en-US\/kb\/delete-cookies-remove-info-websites-stored<\/p>\n<p>Per il browser Web Safari, visitare questa pagina di Apple: https:\/\/support.apple.com\/guide\/safari\/manage-cookies-and-website-data-sfri11471\/mac<\/p>\n<p>Per qualsiasi altro browser web, visita le pagine web ufficiali del tuo browser web.<\/p>\n<h3>4. Cosa sono i cookie?<\/h3>\n<p>I cookie sono file di testo di dimensioni ridotte che i siti visitati dagli utenti inviano ai loro terminali o dispositivi, in cui vengono memorizzati per essere trasmessi nuovamente agli stessi siti in occasione di visite successive. I cookie (e\/o tecnologie similari come ad esempio le tecnologie SDK per il mondo mobile) possono essere memorizzati in modo permanente (cookie persistenti) sul tuo dispositivo o avere un durata variabile; possono infatti cancellarsi con la chiusura del browser o avere una durata limitata alla singola sessione (cookie di sessione). I cookie possono essere installati da LEAR RACING CABLE (cookie di prima parte) o da altri siti web (cookie di terze parti).<\/p>\n<p>I cookie sono utilizzati per diverse finalit\u00e0 come meglio specificato al successivo\u00a0punto 2\u00a0della presente pagina.<\/p>\n<p>Per le attivit\u00e0 di profilazione, i dati personali raccolti tramite cookie sono trattati per un periodo massimo di 12 mesi dal momento in cui viene prestato il consenso al trattamento. Di seguito troverai tutte le informazioni sui cookie installati attraverso il sito di LEAR RACING CABLE e\/o relative applicazioni e le indicazioni necessarie su come gestire le tue preferenze riguardo ad essi.<\/p>\n<p>Ti ricordiamo che la nostra piattaforma supporta i\u00a0 browser e\/o applicazioni di seguito individuati ai fini di una corretta erogazione del servizio.\u00a0\u00a0Per risultati ottimali si consiglia di scaricare la versione pi\u00f9 recente del proprio browser e\/o app.<\/p>\n<p>Ti ricordiamo che LEAR RACING CABLE non pu\u00f2 garantire il corretto funzionamento del servizio e l\u2019effettivit\u00e0 delle indicazioni contenute nella presente informativa per precedenti versioni di browser e\/o app non supportati.<\/p>\n<h4>4.1. Browser sito desktop<\/h4>\n<ul>\n<li>Chrome versione 49.0 o successiva<\/li>\n<li>Firefox versione 52.0 o successiva<\/li>\n<li>Internet Explorer versione 11 o successiva<\/li>\n<li>Edge<\/li>\n<li>Safari versione 8 o successiva<\/li>\n<\/ul>\n<h4>4.2. Browser sito mobile<\/h4>\n<ul>\n<li>iOS 7.1 o successivo (iPhone 4 o successivo): Safari<\/li>\n<li>Android 4.1 o successivo: Chrome 28.0 o successivo, Samsung Browser 3.3 o successivo, Android browser.<\/li>\n<\/ul>\n<h4>4.3. Browser per dispositivi tablet<\/h4>\n<ul>\n<li>Ipad: Safari<\/li>\n<li>Android: Android Browser<\/li>\n<\/ul>\n<h4>4.4. App<\/h4>\n<ul>\n<li>IOS 6.1.0 o successiva<\/li>\n<li>Android 3.2.0 o successiva<\/li>\n<\/ul>\n<h3>5. Quali cookie sono presenti su LEAR RACING CABLE?<\/h3>\n<h4>5.1. Cookie di prima parte e relative finalit\u00e0<\/h4>\n<p>Le finalit\u00e0 principali dei cookie installati da LEAR RACING CABLE sono:<\/p>\n<p>(i) tecniche, vengono cio\u00e8 utilizzati per finalit\u00e0 connesse all\u2019erogazione del servizio e per consentire o migliorare la navigazione su LEAR RACING CABLE o memorizzare le ricerche. Tali cookie sono indispensabili per garantire alla nostra piattaforma un corretto funzionamento.<\/p>\n<p>(ii) analitiche, per raccogliere informazioni statistiche sull\u2019utilizzo del servizio da parte degli utenti \u00a0(e.g. numero visitatori, pagine visitate, \u2026). Utilizziamo questi cookie per analizzare il traffico sulle nostre pagine in modo anonimo, senza memorizzare dati personali.<\/p>\n<p>(iii) analizzare le abitudini, scelte di consumo e posizione geografica al fine di promuovere pubblicit\u00e0 personalizzata anche di terze parti (a cui possono essere comunicate informazioni che non identificano direttamente l\u2019utente) e per effettuare analisi volte all\u2019invio di comunicazioni personalizzate da parte di LEAR RACING CABLE.<\/p>\n<p>\u00c8 possibile visualizzare la lista di tutti i cookie utilizzati da LEAR RACING CABLE nella sezione cookie\u00a0 delle impostazioni che trovi qui.<\/p>\n<h4>5.2. Cookie di terza parte e relative finalit\u00e0<\/h4>\n<p>Le finalit\u00e0 principali dei cookie installati da terze parti sono:<\/p>\n<p>(i) analitiche: per raccogliere informazioni statistiche sull\u2019utilizzo del servizio da parte degli utenti (e.g. numero visitatori, pagine visitate, \u2026). Questi cookie sono utilizzati per analizzare il traffico sulle nostre pagine e il comportamento degli utenti in forma anonima e aggregata.<\/p>\n<p>Terze parti: Google Analytics<\/p>\n<p>(ii) di profilazione:<\/p>\n<ul>\n<li>marketing: analizziamo le tue azioni online cos\u00ec da poterti fornire, tramite partner terzi, contenuti ed offerte commerciali in linea con i tuoi interessi anche in base alla tua precedente esperienza di navigazione. Queste informazioni vengono gestite separatamente dai dati identificativi in possesso di LEAR RACING CABLE. Terze parti: Google Adwords (opt out), Facebook (opt out), Linkedin (opt out)<\/li>\n<\/ul>\n<p>Inoltre, potrebbero essere attivati dei cookie specialmente concepiti per \u00abreti sociali\u00bb. Essi permettono all\u2019utente di interagire tramite le reti sociali (funzione condividi,\u00a0Facebook). Quando una pagina contiene questo comando, si stabilisce un collegamento diretto con la rete sociale selezionata.<\/p>\n<p>LEAR RACING CABLE, oltre ai cookie, per migliorare il servizio e la navigazione o per attivit\u00e0 di profilazione, potrebbe consentire l\u2019utilizzo di tecnologie similari sui tuoi dispositivi mobili quali i tool di Google Firebase, Facebook.<\/p>\n<p>L\u2019impiego delle suddette tecnologie \u00e8 regolato dalle informative sulla privacy di dette societ\u00e0 e non dall\u2019informativa privacy di LEAR RACING CABLE.<\/p>\n<h3>6. Come viene prestato il consenso (opt-in) all\u2019utilizzo dei cookie?<\/h3>\n<p>Il consenso all\u2019utilizzo dei cookie di profilazione viene prestato dall\u2019utente attraverso le seguenti modalit\u00e0: chiudendo il banner contenente l\u2019informativa breve, scorrendo la pagina che ospita il banner o cliccando qualunque suo elemento e pu\u00f2 essere revocato in ogni momento.<\/p>\n<p>Tutti i cookie tecnici non richiedono consenso, pertanto vengono installati automaticamente a seguito dell\u2019accesso al sito o al servizio.<\/p>\n<h3>7. Come revocare (opt-out) il consenso all\u2019utilizzo dei cookie?<\/h3>\n<p>I cookie possono essere completamente disattivati dal\u00a0browser\u00a0utilizzando l\u2019apposita funzione prevista nella maggior parte dei programmi di navigazione.<\/p>\n<p>\u00c8 bene sapere per\u00f2 che disattivando i cookie alcune delle funzionalit\u00e0 di LEAR RACING CABLE potrebbero non essere utilizzabili.<\/p>\n<p>Riportiamo di seguito i link alle informative dei principali browser per ulteriori informazioni sulla disattivazione dei cookie:\u00a0Chrome,\u00a0Firefox,\u00a0Internet Explorer,\u00a0Safari,\u00a0Edge.<\/p>\n<p><b>Per disattivare singolarmente i cookie di profilazione di terza parte<\/b>\u00a0clicca sui link all\u2019informativa delle terze parti espressamente indicati al precedente\u00a0punto 2\u00a0della presente policy sui cookie.<\/p>\n<p>Con riferimento ai cookie di profilazione finalizzati ad offrirti pubblicit\u00e0 personalizzata, ti informiamo che, qualora esercitassi l\u2019opt-out, continuerai in ogni caso a ricevere pubblicit\u00e0 di tipo generico.<\/p>\n<p><strong>Con riferimento ai cookie di profilazione marketing di prima e terza parte<\/strong>, \u00e8 possibile disabilitarli in ogni momento anche mediante le impostazioni che trovi\u00a0qui, tuttavia non godrai di una esperienza ottimale di navigazione.<\/p>\n<p>Per esercitare l\u2019opt-out e disattivare gli annunci pubblicitari personalizzati cambiando le impostazioni dei tuoi\u00a0<b>dispositivi mobile<\/b>, entra nell\u2019area riservata e modifica le tue preferenze sulla raccolta dati\u00a0 e\/o segui le indicazioni che trovi qui di seguito:<\/p>\n<h4>7.1. Android<\/h4>\n<ol>\n<li>sul tuo dispositivo apri l\u2019app \u201cImpostazioni Google\u201d<\/li>\n<li>scorri verso il basso e seleziona \u201cGoogle\u201d<\/li>\n<li>seleziona \u201cAnnunci\u201d<\/li>\n<li>seleziona \u201cDisattiva annunci basati sugli interessi\u201d o \u201cDisattiva personalizzazione annunci\u201d<\/li>\n<\/ol>\n<h4>7.2. iOS<\/h4>\n<p>I dispositivi iOS utilizzano l\u2019Advertising Identifier di Apple. Per ulteriori informazioni su come limitare il monitoraggio degli annunci con questo identificatore, visita l\u2019app \u201cImpostazioni sul tuo dispositivo\u201d oppure visita la pagina\u00a0https:\/\/support.apple.com\/it-it\/HT205223.<\/p>\n<h3>8. Ulteriori informazioni sui cookie e su come esercitare l\u2019opt-out<\/h3>\n<p>Le piattaforme Youonlinechoice e Networkadvertising.org offrono la possibilit\u00e0 di rifiutare o accettare i cookie di molti professionisti della pubblicit\u00e0 digitale. Ti consigliamo di utilizzare queste piattaforme per gestire la revoca del consenso all\u2019utilizzo dei cookie.<\/p>\n<p>Per saperne di pi\u00f9 sulla pubblicit\u00e0 mirata puoi consultare le seguenti pagine:<\/p>\n<ul>\n<li>European Interactive Digital Advertising Alliance\u00a0(EIDAA)<\/li>\n<li>Network Advertising Initiative\u00a0(NAI)<\/li>\n<li>Interactive Advertising Bureau\u00a0(IAB)<\/li>\n<\/ul>\n<h3>Contattaci<\/h3>\n<p>In caso di domande su questa politica sui cookie, puoi contattarci per e-mail: info@learracingcable.com<\/p>\n<p>Ultimo aggiornamento: 27 maggio 2024<\/p>\n","protected":false},"excerpt":{"rendered":"<p>POLITICA SUI COOKIE Questa politica sui cookie spiega cosa sono i cookie e come li utilizziamo. Dovresti leggere questa politica in modo da poter capire che tipo di cookie utilizziamo o le informazioni che raccogliamo utilizzando i cookie e come tali informazioni vengono utilizzate. Questa Cookie Policy \u00e8 stata creata con l&#8217;aiuto del Cookie Policy Generator. I cookie in genere non contengono alcuna informazione che identifica personalmente un utente, ma le informazioni personali che memorizziamo su di te possono essere collegate alle informazioni memorizzate e ottenute dai cookie. Per ulteriori informazioni su come utilizziamo, archiviamo e manteniamo al sicuro i tuoi dati personali, consulta la nostra Informativa sulla privacy. Non memorizziamo informazioni personali sensibili, come indirizzi postali, password account, ecc. nei Cookie che utilizziamo. 1. Interpretazione e definizioni 1.1 Interpretazione Le parole di cui la lettera iniziale \u00e8 maiuscola hanno significati definiti nelle seguenti condizioni. Le seguenti definizioni avranno lo&hellip;<\/p>\n<p> <a class=\"more-link\" href=\"https:\/\/www.learracingcable.com\/cablaggi\/cookie-policy\/\">Leggi tutto<\/a><\/p>\n","protected":false},"author":1,"featured_media":0,"parent":0,"menu_order":0,"comment_status":"closed","ping_status":"closed","template":"","meta":{"footnotes":""},"class_list":["post-3423","page","type-page","status-publish"],"_links":{"self":[{"href":"https:\/\/www.learracingcable.com\/cablaggi\/wp-json\/wp\/v2\/pages\/3423","targetHints":{"allow":["GET"]}}],"collection":[{"href":"https:\/\/www.learracingcable.com\/cablaggi\/wp-json\/wp\/v2\/pages"}],"about":[{"href":"https:\/\/www.learracingcable.com\/cablaggi\/wp-json\/wp\/v2\/types\/page"}],"author":[{"embeddable":true,"href":"https:\/\/www.learracingcable.com\/cablaggi\/wp-json\/wp\/v2\/users\/1"}],"replies":[{"embeddable":true,"href":"https:\/\/www.learracingcable.com\/cablaggi\/wp-json\/wp\/v2\/comments?post=3423"}],"version-history":[{"count":13,"href":"https:\/\/www.learracingcable.com\/cablaggi\/wp-json\/wp\/v2\/pages\/3423\/revisions"}],"predecessor-version":[{"id":4067,"href":"https:\/\/www.learracingcable.com\/cablaggi\/wp-json\/wp\/v2\/pages\/3423\/revisions\/4067"}],"wp:attachment":[{"href":"https:\/\/www.learracingcable.com\/cablaggi\/wp-json\/wp\/v2\/media?parent=3423"}],"curies":[{"name":"wp","href":"https:\/\/api.w.org\/{rel}","templated":true}]}}